6?
2, 4889
List the prime factors of 38762.
2, 19381
What are the prime factors of 13739?
11, 1249
What are the prime factors of 3662?
2, 1831
What are the prime factors of 1884?
2, 3, 157
What are the prime factors of 39628?
2, 9907
List the prime factors of 1071.
3, 7, 17
What are the prime factors of 1695?
3, 5, 113
What are the prime factors of 26976?
2, 3, 281
What are the prime factors of 23940?
2, 3, 5, 7, 19
List the prime factors of 649.
11, 59
List the prime factors of 3582.
2, 3, 199
What are the prime factors of 1284?
2, 3, 107
List the prime factors of 34799.
17, 23, 89
List the prime factors of 4021.
4021
What are the prime factors of 12136?
2, 37, 41
List the prime factors of 14242.
2, 7121
What are the prime factors of 28645?
5, 17, 337
What are the prime factors of 1048?
2, 131
What are the prime factors of 3554?
2, 1777
What are the prime factors of 295?
5, 59
List the prime factors of 22194.
2, 3, 137
List the prime factors of 10560.
2, 3, 5, 11
What are the prime factors of 9123?
3, 3041
What are the prime factors of 9704?
2, 1213
What are the prime factors of 24008?
2, 3001
List the prime factors of 8793.
3, 977
What are the prime factors of 37121?
7, 5303
List the prime factors of 824.
2, 103
List the prime factors of 135144.
2, 3, 1877
What are the prime factors of 2905?
5, 7, 83
List the prime factors of 1210.
2, 5, 11
List the prime factors of 4666.
2, 2333
List the prime factors of 2448.
2, 3, 17
What are the prime factors of 61331?
61331
What are the prime factors of 2859?
3, 953
What are the prime factors of 1840?
2, 5, 23
What are the prime factors of 1402?
2, 701
What are the prime factors of 4677?
3, 1559
What are the prime factors of 91435?
5, 18287
What are the prime factors of 24?
2, 3
List the prime factors of 65056.
2, 19, 107
What are the prime factors of 1239?
3, 7, 59
List the prime factors of 16604.
2, 7, 593
List the prime factors of 1447.
1447
What are the prime factors of 17673?
3, 43, 137
List the prime factors of 37138.
2, 31, 599
List the prime factors of 8380.
2, 5, 419
List the prime factors of 6184.
2, 773
List the prime factors of 401.
401
What are the prime factors of 79759?
47, 1697
List the prime factors of 62710.
2, 5, 6271
What are the prime factors of 16103?
16103
What are the prime factors of 4952?
2, 619
List the prime factors of 9431.
9431
What are the prime factors of 55044?
2, 3, 11, 139
List the prime factors of 37903.
29, 1307
List the prime factors of 2359.
7, 337
What are the prime factors of 6707?
19, 353
What are the prime factors of 1404?
2, 3, 13
What are the prime factors of 3989?
3989
List the prime factors of 3061.
3061
What are the prime factors of 3632?
2, 227
List the prime factors of 1396.
2, 349
What are the prime factors of 430?
2, 5, 43
What are the prime factors of 595?
5, 7, 17
List the prime factors of 279.
3, 31
What are the prime factors of 145?
5, 29
What are the prime factors of 64481?
17, 3793
List the prime factors of 1395.
3, 5, 31
What are the prime factors of 2791?
2791
What are the prime factors of 11786?
2, 71, 83
What are the prime factors of 2332?
2, 11, 53
List the prime factors of 25819.
25819
List the prime factors of 7401.
3, 2467
List the prime factors of 25016.
2, 53, 59
List the prime factors of 116529.
3, 7, 31, 179
What are the prime factors of 4886?
2, 7, 349
What are the prime factors of 20962?
2, 47, 223
What are the prime factors of 16619?
16619
List the prime factors of 606.
2, 3, 101
What are the prime factors of 44942?
2, 23, 977
List the prime factors of 4645.
5, 929
What are the prime factors of 8907?
3, 2969
List the prime factors of 7311.
3, 2437
What are the prime factors of 129179?
101, 1279
What are the prime factors of 5084?
2, 31, 41
What are the prime factors of 7572?
2, 3, 631
What are the prime factors of 9653?
7, 197
List the prime factors of 1451.
1451
What are the prime factors of 17269?
7, 2467
List the prime factors of 8379.
3, 7, 19
What are the prime factors of 7923?
3, 19, 139
What are the prime factors of 13794?
2, 3, 11, 19
What are the prime factors of 7077?
3, 7, 337
What are the prime factors of 121409?
167, 727
What are the prime factors of 1857?
3, 619
List the prime factors of 5501.
5501
What are the prime factors of 3833?
3833
List the prime factors of 742.
2, 7, 53
What are the prime factors of 22526?
2, 7, 1609
What are the prime factors of 3120?
2, 3, 5, 13
List the prime factors of 828.
2, 3, 23
List the prime factors of 90.
2, 3, 5
List the prime factors of 61510.
2, 5, 6151
List the prime factors of 127200.
2, 3, 5, 53
What are the prime factors of 40958?
2, 20479
List the prime factors of 320.
2, 5
List the prime factors of 14857.
83, 179
List the prime factors of 25767.
3, 7, 409
List the prime factors of 1972.
2, 17, 29
List the prime factors of 54.
2, 3
List the prime factors of 44350.
2, 5, 887
What are the prime factors of 746?
2, 373
List the prime factors of 131923.
11, 67, 179
List the prime factors of 8875.
5, 71
List the prime factors of 2813.
29, 97
List the prime factors of 4660.
2, 5, 233
List the prime factors of 2821.
7, 13, 31
List the prime factors of 1266.
2, 3, 211
What are the prime factors of 30302?
2, 109, 139
What are the prime factors of 12832?
2, 401
List the prime factors of 45034.
2, 11, 23, 89
List the prime factors of 3087.
3, 7
What are the prime factors of 516?
2, 3, 43
List the prime factors of 37002.
2, 3, 7, 881
What are the prime factors of 2039?
2039
What are the prime factors of 22908?
2, 3, 23, 83
List the prime factors of 2371.
2371
List the prime factors of 28808.
2, 13, 277
List the prime factors of 951.
3, 317
What are the prime factors of 827?
827
What are the prime factors of 3714?
2, 3, 619
List the prime factors of 6421.
6421
What are the prime factors of 25700?
2, 5, 257
What are the prime factors of 7624?
2, 953
List the prime factors of 123258.
2, 3, 20543
List the prime factors of 4673.
4673
What are the prime factors of 637?
7, 13
List the prime factors of 2730.
2, 3, 5, 7, 13
What are the prime factors of 62061?
3, 137, 151
List the prime factors of 10554.
2, 3, 1759
What are the prime factors of 1057?
7, 151
What are the prime factors of 131476?
2, 32869
What are the prime factors of 4849?
13, 373
What are the prime factors of 893?
19, 47
What are the prime factors of 15023?
83, 181
List the prime factors of 55178.
2, 47, 587
What are the prime factors of 17367?
3, 7, 827
What are the prime factors of 1724?
2, 431
What are the prime factors of 483?
3, 7, 23
List the prime factors of 101491.
13, 37, 211
What are the prime factors of 18189?
3, 43, 47
What are the prime factors of 73596?
2, 3, 6133
What are the prime factors of 100241?
59, 1699
List the prime factors of 2047.
23, 89
List the prime factors of 409.
409
List the prime factors of 13805.
5, 11, 251
What are the prime factors of 11213?
11213
List the prime factors of 3930.
2, 3, 5, 131
List the prime factors of 9260.
2, 5, 463
List the prime factors of 5057.
13, 389
List the prime factors of 144.
2, 3
List the prime factors of 39987.
3, 1481
List the prime factors of 1652.
2, 7, 59
List the prime factors of 4463.
4463
List the prime factors of 6198.
2, 3, 1033
List the prime factors of 11171.
11171
List the prime factors of 1207.
17, 71
List the prime factors of 885.
3, 5, 59
What are the prime factors of 20209?
7, 2887
List the prime factors of 29565.
3, 5, 73
What are the prime factors of 18298?
2, 7, 1307
List the prime factors of 40360.
2, 5, 1009
What are the prime factors of 1299?
3, 433
List the prime factors of 320.
2, 5
List the prime factors of 250.
2, 5
List the prime factors of 18027.
3, 2003
What are the prime factors of 5719?
7, 19, 43
What are the prime factors of 40101?
3, 13367
What are the prime factors of 12944?
2, 809
What are the prime factors of 5589?
3, 23
What are the prime factors of 5806?
2, 2903
List the prime factors of 16681.
7, 2383
List the prime factors of 21621.
3, 7207
What are the prime factors of 9621?
3, 1069
List the prime factors of 3455.
5, 691
What are the prime factors of 34073?
13, 2621
What are the prime factors of 1642?
2, 821
What are the prime factors of 14987?
7, 2141
List the prime factors of 9466.
2, 4733
What are the prime factors of 